 of 3*k**4/8 + 34*k**2. Let i = 7 - -1. Let p be n(i). What is the highest common factor of p and 9?
9
Let l = -5 + 10. Let a = 31 - l. What is the highest common factor of 65 and a?
13
Let b(n) = 3*n + 18. Let i be b(-5). Suppose -l - l + s = -9, -i*l + 5*s = -24. Suppose 2*g + l = 11. Calculate the greatest common factor of 28 and g.
4
Suppose -2*k + 68 = -b + 242, 910 = 5*b - 2*k. Calculate the greatest common divisor of 32 and b.
8
Let v be (-278)/(-8) - 7/(-28). Let p be (28/v)/((-4)/(-210)). What is the highest common divisor of p and 6?
6
Suppose 17*i - 18*i + 2 = 0, -4*c + 100 = 2*i. What is the greatest common divisor of c and 696?
24
Let r = 70 + -2. Let s = 159 + -108. What is the greatest common factor of r and s?
17
Let g(i) = 2*i**3 - 23*i**2 - 7*i - 32. Let x be g(12). Calculate the highest common divisor of x and 7.
7
Suppose -3*a = -2*a - z - 6, -a + 6 = 3*z. Let r(s) = s**3 - 6*s**2 + 4*s - 2. Let l be r(a). Calculate the greatest common divisor of l and 242.
22
Let a(q) = -2*q**3 - 45*q**2 + 25*q + 62. Let b be a(-23). Calculate the greatest common factor of b and 72.
8
Let b = 433 + -428. Calculate the greatest common factor of 35 and b.
5
Let y be -1 + -10 + (5 - 1). Let h(v) = v**2 + 3*v - 3. Let b be h(y). Calculate the greatest common factor of b and 5.
5
Let m(t) = t**3 + 34*t**2 + 93*t + 69. Let n be m(-31). What is the highest common factor of 230 and n?
23
Let p = 594 + -360. What is the greatest common divisor of p and 273?
39
Let u be (-598)/(-5) - 38/(-95). What is the greatest common factor of 192 and u?
24
Let o(q) = q**3 + 14*q**2 + 10*q - 25. Let g be o(-13). Let d(n) = 2*n**2 + 5*n + 28. Let z be d(-7). Calculate the greatest common factor of z and g.
7
Suppose -2*r = -4*r + 4. Suppose 20 = r*j + 3*j. Suppose -j*h + 3 = d, -2*d + 5*d - 5*h = 77. Calculate the greatest common divisor of d and 209.
19
Let c be 4/(-14) + (-783)/(-21). Let v(t) = 6*t**2 + 35*t + 66. Let f be v(-11). What is the highest common divisor of f and c?
37
Let p(l) = -3*l**2 - 29*l - 12. Let r be p(-8). Let h = 46 - r. Calculate the greatest common divisor of 6 and h.
6
Let v be (-4)/10 + 413712/680. What is the highest common divisor of 192 and v?
32
Suppose -4*z - 3*x + 52 = -116, -3*z + x = -126. What is the highest common divisor of 21 and z?
21
Suppose 780 = 2*f + 3*x, -5*x + 556 - 180 = f. Calculate the greatest common divisor of 54 and f.
18
Let q = 452 - 446. Let c(l) = 65*l**2 - 1. Let p be c(-2). Suppose 19 = -5*n + p. What is the highest common divisor of q and n?
6
Suppose 10*i - 255 = 5*i. What is the highest common factor of i and 9?
3
Let x(b) = -19*b - 14. Let p be x(-2). Suppose -4*u + 0*r = r - 864, -4*r = -4*u + 864. Calculate the greatest common divisor of u and p.
24
Let d(g) = -g**2 - 25*g + 97. Let w be d(-28). What is the greatest common divisor of w and 39?
13
Suppose -3*l + 1072 = 2*x, -376 = -l + 2*x + 2*x. What is the highest common factor of 45 and l?
45
Let d(t) = -17*t**3 + 1. Suppose 2*r + 13 = 11. Let h be d(r). What is the highest common divisor of 45 and h?
9
Suppose t + 16 = -5*g + 78, -g = -t + 92. Let w = -18 + t. Suppose 0 = -3*m - 9, 5*m + 193 = 4*x + 2*m. Calculate the greatest common factor of x and w.
23
Suppose 8*l - 80 = 48. What is the greatest common factor of l and 88?
8
Let q be (-798)/(-5) + 42/105. Suppose 40*t = -536 + 2136. What is the greatest common factor of q and t?
40
Let m = 5 + -3. Suppose m*l = 113 - 13. Suppose -58*h - 60 = -64*h. What is the highest common divisor of l and h?
10
Let x(o) = -o**3 + 9*o**2 - 5*o - 3. Suppose 0 = -5*r + 5*q + 30, 0*r + r - 2 = 3*q. Let z be x(r). Calculate the greatest common divisor of z and 3.
3
Let q be (-12)/20 + (-14)/10. Let p be -4*(-2 + 3)*q. Let s be (-242)/(-4) + p/(-16). What is the highest common factor of s and 24?
12
Suppose -4*t = 4*q - 4212, -13*q + 3141 = -10*q - 3*t. What is the highest common factor of q and 42?
42
Let g be (2 + -3)/((-4)/40). Let d be (-24)/(-15)*125/g. Suppose l + l = d. What is the greatest common factor of l and 15?
5
Let a(z) = 4*z + 2*z - 9*z - 16 - 4*z. Let d be a(-4). Calculate the highest common divisor of d and 60.
12
Let y(b) = -14*b - 135. Let k be y(-15). Calculate the greatest common divisor of k and 400.
25
Let g(n) = -n**2 - 20*n + 6. Let a be g(-20). Suppose a*y + 72 = 15*y. Calculate the highest common divisor of 32 and y.
8
Let x(l) = 5*l**2 + 3*l - 4. Let u(j) = j**3 + 4*j**2 - 10*j + 14. Let a be u(-6). Let w be x(a). Calculate the greatest common factor of 55 and w.
11
Suppose -3*v - 19 = 5*u - 0, -42 = 2*v - 4*u. Let s = 1 + 0. Let y = s - v. Calculate the greatest common factor of 2 and y.
2
Let s = 196 - 174. Calculate the highest common factor of 374 and s.
22
Let u = 2 + 22. What is the greatest common factor of 384 and u?
24
Let y be 32*((-28)/(-8) + 1). Suppose b - y = -2*b. Let r(h) = 7*h**2 + h + 2. Let t be r(2). What is the greatest common divisor of b and t?
16
Suppose -2*g + 5*b = -8, -3*g + 0*b - b + 46 = 0. Let z be 66/g - 36/(-126). Let c = z - -1. What is the greatest common factor of c and 6?
6
Let r(c) = -2*c**3 + c + 1. Let l be r(-1). Suppose l*h + 32 = 2*t, 2*h = -4*t - 2*h + 56. Calculate the highest common divisor of t and 120.
15
Let b(l) = -l**3 + 10*l**2 - 12*l + 45. Let x be b(9). Calculate the highest common divisor of x and 9.
9
Suppose -3*w + 6*w = -3*l + 6582, -2*l = 3*w - 4392. What is the greatest common divisor of l and 30?
30
Let o be -8*49/35*(-1 + -4). Calculate the highest common factor of 56 and o.
56
Suppose -4*s + 0*b + 63 = b, 4*b = 3*s - 52. What is the highest common factor of 432 and s?
16
Let s(h) = -h**3 - 6*h**2 - h - 3. Let b be s(-7). Let r = 54 - b. What is the greatest common factor of 7 and r?
1
Suppose -4*q + 1 + 8 = f, -2*q + 22 = 4*f. Suppose 617 = f*o - 593. What is the highest common divisor of 22 and o?
22
Let t = 83 + -69. Calculate the greatest common factor of t and 448.
14
Let y = 100 + -233. Let b = y - -266. What is the greatest common divisor of 19 and b?
19
Suppose 3437 + 583 = 5*x. What is the greatest common factor of 12 and x?
12
Let m = -957 + 1182. Calculate the greatest common divisor of 150 and m.
75
Suppose 4*i - 7*i - 6 = 0. Let j be ((22/4)/1)/((-1)/i). What is the highest common divisor of j and 11?
11
Let z(y) = 2*y**2 - 23*y + 9. Let o be z(9). Let k = -30 - o. Suppose -158 = -k*r + 622. Calculate the highest common divisor of r and 26.
26
Let s be (-162)/(-16) + -2 + 30/16. What is the greatest common divisor of s and 490?
10
Suppose 0*y + 13 = 2*x - y, 2*x - 22 = -2*y. Let c = -271 + 404. Suppose -3*n + c + 83 = 0. Calculate the highest common divisor of n and x.
8
Let n(l) = -l + 12. Let m be n(10). Let d be m + (2*12 - -1). Let h(j) = 3*j**3. Let x be h(1). What is the highest common factor of d and x?
3
Suppose 12*z = 16*z + 2*t - 202, 3*t = -3*z + 147. What is the greatest common divisor of z and 20?
4
Let y(c) be the second derivative of c**3 - 2*c. Let z be y(2). Suppose -3*q = q - z. Calculate the greatest common factor of 3 and q.
3
Let y(v) = -v**3 + 2*v**2 + 5*v + 25. Let d be y(-4). What is the highest common factor of 202 and d?
101
Let c(o) = o**2 - 6*o + 20. Let k be c(14). Suppose -k = 6*j - 10*j. What is the greatest common divisor of j and 33?
33
Let t be (24/6 - 2) + (-4)/2. Let c be -2 - (-20 + 2 + -4 + t). What is the highest common factor of c and 20?
20
Suppose -2*v = -v - 84. Suppose l = -3*g + 71, -3*g - 2*g - 5*l = -115. What is the greatest common divisor of v and g?
12
Let l be -5 - 2/5*5. Let o be ((-9)/4)/((l/(-68))/(-7)). Calculate the highest common divisor of o and 17.
17
Let o(a) = -a + 10. Let i be o(9). Suppose 5*w = -2*w + 7. What is the greatest common divisor of w and i?
1
Suppose -1338 - 1484 = -17*q. Calculate the greatest common factor of q and 4.
2
Let d(l) = l**2 - 17*l + 79. Let v be d(9). Let b be -1 - -1 - (-58 - 5). What is the highest common divisor of v and b?
7
Let h(n) = -2*n**3 - 23*n**2 - 95*n - 2. Let v be h(-7). What is the greatest common factor of v and 36?
6
Suppose 4*m = 9 + 7. Suppose -58 = -4*k + 3*l + 107, m*l = 4*k - 160. What is the highest common factor of 75 and k?
15
Let n(l) = -l**2 + 7*l + 19. Let y be n(9). Let a(m) = m**2 + 7*m. Le